ghest common divisor of d and 120?
60
Let g be ((-141)/30 + 1/5)*-2. Let k be 2/3 - (-34)/(-6). Let h(s) = -8*s + 5. Let f be h(k). What is the greatest common divisor of g and f?
9
Let b(d) = 4 + 9*d - 3*d + 0*d. Let z be b(3). Calculate the highest common factor of z and 44.
22
Suppose -13*z + 56 = -48. What is the highest common factor of z and 12?
4
Suppose -3*a + 18 = 3*i, -60 + 108 = 5*i - a. Calculate the highest common factor of 729 and i.
9
Let y = -51 - 1. Let t = y - -102. Calculate the greatest common divisor of t and 20.
10
Let h(k) = -k**2 - 13*k - 13. Suppose -2*g = -p + 1, p + 4*p + 16 = 3*g. Let y be h(p). What is the highest common factor of 9 and y?
9
Let l(s) = -4*s. Let z be l(-3). Let r(x) = 6*x - 31. Let m be r(6). Let n = 19 + m. Calculate the highest common factor of n and z.
12
Suppose 107 = 3*x - 109. Let r = x + -62. Calculate the highest common factor of 10 and r.
10
Let y = -166 - -398. What is the greatest common factor of 8 and y?
8
Let c be (12 - 11)*(4 + 0 + 1). Suppose 3*l + 5*s = 30, c*l - 5*s - 60 = 2*l. Calculate the greatest common factor of 15 and l.
15
Let o(w) = -17*w - 335. Let i be o(-34). Calculate the greatest common factor of 3 and i.
3
Suppose 5*f + 5*k = 200, -3*k = -5*f + 134 + 106. Suppose f = 2*w - 33. Calculate the greatest common factor of 13 and w.
13
Let h = 206 - 155. Suppose -3*d + h + 60 = 0. What is the greatest common divisor of d and 407?
37
Let k(b) = -b**2 - 9*b + 101. Let r be k(-15). Suppose 18 + 15 = d. Calculate the highest common divisor of d and r.
11
Let l be -10*((-156)/15 - 0). What is the highest common divisor of l and 16?
8
Let w(f) = -2*f**3 + 5*f**2 + 13*f - 5. Let p be w(4). Let h be (-4 + (-57)/(-12))/(p/(-8)). What is the greatest common divisor of 30 and h?
6
Let o be -2 + 61 - (-14)/(-7). Suppose o = -3*c + 6*c. What is the greatest common factor of 209 and c?
19
Suppose -3*j = -5*a + 209, -2*j = -5*a - 7*j + 185. Let m be (-10 - -1)*(14 + -11). Let z = m + 35. What is the greatest common divisor of z and a?
8
Let k = -1185 + 1215. Suppose -2*p - 2*p = -16. Suppose -p*b = -7*b + 5*w + 50, 38 = 3*b - 2*w. What is the greatest common divisor of k and b?
10
Let y = 378 - 163. What is the greatest common divisor of 172 and y?
43
Suppose -2*o - 6 = -5*o. Suppose -28 = -l - u, o*l - 142 = -3*l - 4*u. Suppose 0 = -m + 9 - 3. What is the highest common factor of m and l?
6
Let y = -8 - 34. Let a be y/9*(-3)/2. Suppose -a*r + 150 = -4*r. Calculate the highest common divisor of 75 and r.
25
Let t = 1464 - 286. Calculate the highest common divisor of t and 124.
62
Let q = -517 + 531. Calculate the greatest common factor of q and 994.
14
Suppose -4*t = -2*q - 2*t + 178, -183 = -2*q + t. Calculate the greatest common divisor of 141 and q.
47
Let k(y) = y**2 - 5*y + 2. Let b be k(4). Let s be (1 - 0 - b) + (-4)/(-1). Calculate the greatest common factor of 77 and s.
7
Let q = -169 + 775. Suppose w + 0*j - 217 = -2*j, -3*w + q = -3*j. What is the highest common factor of w and 23?
23
Suppose -s = 4*u - 18, -4*u - 5*s + 5 = -5. Suppose 4*l + 25 = -2*o + 101, 0 = -l - u*o + 1. Let h = -12 + l. What is the greatest common factor of h and 27?
9
Let x(l) be the second derivative of l**3/6 + 3*l**2/2 + 7*l. Let b be x(-13). Let a = 28 + b. Calculate the highest common factor of a and 9.
9
Let z be (-4)/14 + (-9939)/(-21). Let h = -35780 - -35823. Calculate the highest common divisor of h and z.
43
Suppose -3*s + 6 = 0, 0 = -2*i - 0*s - 2*s + 1516. What is the highest common factor of 21 and i?
21
Let q(w) = -9*w - 2. Let l be q(1). Let s be l/(-4) + 2/8. Suppose -a = s*a - 176. Calculate the greatest common factor of a and 4.
4
Suppose 6 = 2*m + 2. Let a(b) = b**2 - 2. Let p be a(2). Suppose -2 = -4*d + p*d. What is the greatest common factor of d and m?
1
Suppose -4*d + 64 = 3*a, 0 = d + a - 5 - 11. Calculate the greatest common factor of 112 and d.
16
Let a = -68 - -146. What is the highest common divisor of a and 130?
26
Let k = -132 - -307. Suppose 0*g - 280 = -4*g. What is the greatest common divisor of k and g?
35
Let j = 195 + -132. Calculate the highest common factor of j and 27.
9
Let b(d) = d**2 - 4*d - 2. Let u be b(3). Let v be -90*1*2/u. What is the highest common divisor of v and 48?
12
Let q = -340 - -373. Calculate the highest common divisor of q and 9.
3
Let x = -1914 - -2325. What is the greatest common divisor of 3 and x?
3
Let n = 12 + 100. Suppose -4*t + 3*o = -227, -3*o + 4 = -7*o. What is the highest common factor of n and t?
56
Let j be (-12)/(-20) + (-110)/(-25). Calculate the highest common divisor of j and 145.
5
Suppose 4*b + 369 - 593 = 0. Calculate the greatest common factor of 280 and b.
56
Suppose -2*x = -5*n + 54 - 199, 2*n = 3*x - 234. Let r = 141 - 74. Let w = 99 - r. What is the greatest common divisor of x and w?
16
Let a be ((-32)/(-5))/(4 - 19/5). Let r be a + ((-8)/(-2) - 0). What is the highest common factor of r and 90?
18
Suppose -35*x + 40959 = 6*x. What is the highest common divisor of x and 27?
27
Suppose 25*i - 216 = 16*i. Calculate the highest common factor of i and 8.
8
Let t(z) = -53*z - 9. Let r be t(-4). Let v(h) = -h**3 - 10*h**2 - 20*h - 3. Let d be v(-8). Calculate the greatest common divisor of r and d.
29
Let q = 11 + -27. Let j be 60/14 + q/56. Suppose -j*p = p - 520. Calculate the greatest common factor of 13 and p.
13
Let a(h) = h**2 - 5*h + 18. Let d be a(-6). Suppose 4*u - 110 = -2*y - 0*y, -5*u = -4*y - 144. Calculate the highest common factor of d and u.
28
Suppose -306 = 9*g - 1359. What is the greatest common factor of 13 and g?
13
Suppose -5*s + 3*d + 55 = 7*d, 2*s = 2*d + 22. Let z = s - 9. Suppose 62 + 38 = z*h. What is the greatest common divisor of h and 10?
10
Let n = -260 + 284. What is the highest common factor of 552 and n?
24
Let m be (294/(-18) - 3)*-3. What is the highest common factor of m and 464?
58
Suppose m = -6 + 2. Let p(z) = 2*z**2 - 1 - 3*z**2 + 2*z**2 + z. Let d be p(m). Calculate the highest common factor of d and 1.
1
Let w = -2 + 5. Let k = 6 - w. Suppose -4*i = -3*m - 2*m + 120, m = 5*i + 24. What is the greatest common factor of k and m?
3
Suppose 0 = -4*l, 0 = -2*m - 3*l - l + 24. Suppose -z + 383 = 4*k, 4*k = -k + 4*z + 484. Calculate the highest common factor of k and m.
12
Let t be ((-9)/(-18))/(2/32). Let b = t - 3. Suppose b*c - 792 = -3*c. What is the greatest common divisor of c and 11?
11
Suppose 4 = t, -n + t = 2*t - 430. Calculate the greatest common divisor of n and 6.
6
Let d(b) = -b**3 - 5*b**2 + 6*b - 8. Let m be 1/((-3)/(-18)*-1). Let v be d(m). Let i be 12/(-2 - 28/v). Calculate the highest common divisor of 8 and i.
8
Let u be -4 + 17 + -6 + (9 - 11). Suppose -19 = -3*q + 146. Calculate the highest common factor of q and u.
5
Let m(n) = 18*n + 3. Let c be m(-3). Let l be c/34 - 246/(-4). What is the greatest common divisor of l and 20?
20
Suppose 2*y = 4*k - 28, -5*y + 5*k = 3*k + 30. Let t be ((-2)/(-5) + 0)*(-60)/y. What is the highest common factor of 42 and t?
6
Let z = -1322 - -1332. Calculate the greatest common factor of z and 900.
10
Suppose -6 - 18 = -x - 3*c, 57 = 4*x - c. Calculate the greatest common factor of 15 and x.
15
Let j(p) = 5*p + 13 - p + 7*p - 3*p. Let k be j(9). What is the greatest common factor of k and 17?
17
Let a = 362 + -167. Calculate the greatest common divisor of a and 117.
39
Let y be (-3108)/(-30) - ((-24)/10 - -2). What is the highest common factor of 16 and y?
8
Suppose -87 = 5*k - 12. Let s = -10 - k. Suppose -s*m + 28 = -m. What is the highest common factor of m and 35?
7
Let s be 94/6 - 120/72. Calculate the highest common factor of s and 224.
14
Let o be (-2)/((-1)/(10/4)). Suppose 0 = -o*j - 2*z + 105, -3*z = -0*z. Calculate the highest common factor of 14 and j.
7
Suppose 0 = 4*j - l - 206, -5*j + 5*l = -4 - 261. Calculate the greatest common divisor of 459 and j.
51
Suppose 0 = 4*m - 0*m. Suppose m*v - 14 = -4*f + 2*v, -5*v + 7 = 4*f. Suppose 549 + 39 = f*x. Calculate the highest common factor of 28 and x.
28
Let x be 1/((-14)/(-428)) - 84/(-196). Suppose r = g + x, -2*r - 5*g + 55 = -0*g. What is the greatest common factor of r and 15?
15
Let g be 15/(-20) - (-8)/((-192)/(-1026)). Calculate the greatest common divisor of 14 